
0
Suppose -4*m - 2*d = 3*d - 47, -d + 51 = 4*m. Let k be (-2)/3 + 20/12. Calculate the remainder when 22 - 1/(k/(-2)) is divided by m.
11
Suppose 2*r + 3*a = 143, 4*r - 111 = 5*a + 208. What is the remainder when r is divided by (-140)/(-7) - 8 - -4?
12
Let u be 1/2 - 27/(-6). Let b(z) = 6*z. Let m be b(u). Suppose -4*l - 34 = -2*s, -3*s - l = 7 - m. What is the remainder when s is divided by 3?
0
Let d = 47 + -48. Calculate the remainder when 33 is divided by d*3*7/(-3).
5
Suppose 2*n + 41 = 161. Suppose s = -3*s + n. Calculate the remainder when 58 is divided by s.
13
Suppose p = 5*b + 4, -30 = -5*p + 2*b - 10. Suppose 3*r - 72 = -58*c + 55*c, 5*c = 5*r - 130. What is the remainder when r is divided by p?
1
Let d = -25 - -24. Calculate the remainder when 29 + (-5 - (d + -2)) is divided by 14.
13
Suppose -5*z = -3*z - 76. Let o be (-3)/(125/110 - 1). Let j = -12 - o. What is the remainder when z is divided by j?
8
Suppose -v + 34 = -16*a + 21*a, -2*a - 5*v + 32 = 0. Let w(b) = -b**3 + 5*b**2 + 9*b - 7. Calculate the remainder when w(6) is divided by a.
5
What is the remainder when 13 is divided by (-16)/(-6)*((-189)/(-36) - 3)?
1
Suppose -5*g + 10*g = -5*l + 150, 5*l + 82 = 3*g. Suppose -3*j - z = -25, 2*z + 2*z - 20 = -2*j. What is the remainder when g is divided by j?
5
Suppose 2*u = 4*u - 40. Suppose 4*d + d - 5*i = u, 2 = d + i. Suppose -2*h + 196 = d*v, -v - v = 4*h - 384. What is the remainder when h is divided by 24?
23
Let s = -4463 - -4466. Suppose 6 = 2*x - 0*l - 5*l, 26 = 3*x + l. Calculate the remainder when x is divided by s.
2
Let u be 12/54 - (0 - 220/(-18)). Calculate the remainder when u/(-16) - (-49)/4 is divided by 8.
5
Let m(n) = 8*n + 8*n - 23*n - 3 + 0*n. Let z(s) = -s**2 - 4*s + 3. Let h be z(-5). What is the remainder when 20 is divided by m(h)?
9
Suppose z + 16 = -1. Let t = 17 + z. Calculate the remainder when 29 is divided by (t - (-6)/2) + 12.
14
Let p = 4 - -2. Let n = p - 5. What is the remainder when 46 is divided by n/2 - 138/(-12)?
10
Let q(l) = 2*l**2 + 2*l - 14. Let r be q(3). Suppose -29 = -2*a - p + r, 5*a - 3*p = 70. What is the remainder when 60 is divided by a?
9
Suppose 5*f = 5*a + 485, -2*a + 485 = 5*f - 0*f. What is the remainder when f is divided by 38?
21
Let y(f) = -12 - 29 + f + 56. Calculate the remainder when -2 - ((-2 - 52) + 2) is divided by y(11).
24
Suppose -6*x + x + 1360 = 0. Suppose x = 3*z - 5*f, 0*z + 2*f = -2*z + 192. Suppose -10*i - 168 = -17*i. What is the remainder when z is divided by i?
22
Suppose 0 = -5*t - 5 + 20. Let x = t + 8. What is the remainder when 19 is divided by x?
8
Let a = 29 - 31. Let f(x) be the first derivative of -21*x**2/2 + 3*x - 2. What is the remainder when f(a) is divided by 16?
13
Let u be -8*((1 - 2) + -1). Suppose -k = -8 - u. Suppose 2*x = -3*x - 5*m + 25, 0 = -3*x + 3*m + 39. Calculate the remainder when k is divided by x.
6
Suppose -76 = -4*g + 2*c, -3*c = g - c - 9. Calculate the remainder when 98 is divided by g.
13
Let b be (-16)/40 + (-4)/(-10). Let k be (b - -2)*(-50)/(-20). Suppose -5*c = -25, -6*y + 103 = -3*y + k*c. Calculate the remainder when y is divided by 10.
6
What is the remainder when ((-75)/(-125))/(1/215) is divided by 22?
19
Suppose -5*u = 6 - 391. Suppose u = -14*o + 15*o. Calculate the remainder when o is divided by 26.
25
Calculate the remainder when 4/(-14) - (-92)/28 - -28 is divided by (-4)/(-18) + 291/27.
9
Let h = -4162 - -4177. Suppose 5*z + 0*z = 215. What is the remainder when z is divided by h?
13
Let m be 4/2 + 10/2. Suppose q = 3*y - 6*y + 6, 2*y - 4 = -2*q. What is the remainder when 16 is divided by (y/(-2))/(m/(-70))?
6
Suppose 8 = y - 0*y. Let h(p) = 15*p + 3*p + 485 - 489. Calculate the remainder when h(1) is divided by y.
6
Suppose -9 = 8*b - 11*b. Suppose 0*p = -b*p + 84. Calculate the remainder when p is divided by 11.
6
Suppose 14 = 6*d + 2. Suppose 2*v - 41 = -2*u - 3*v, 2*u + d*v - 44 = 0. Calculate the remainder when u is divided by 8.
7
Let z = 1526 + -1300. Calculate the remainder when z is divided by 31.
9
Suppose 3*d + 3 = 39. Suppose -d*x + 42 = -11*x. What is the remainder when x is divided by 15?
12
Let v(i) = 119*i - 709. Calculate the remainder when (152/(-6))/(4/(-6)) is divided by v(6).
3
Let c(l) = 4*l**2 - 3*l. Let q = -68 - -80. Calculate the remainder when c(-3) is divided by q.
9
Suppose 12*g + 222 = 18*g. What is the remainder when g is divided by 11?
4
Suppose 31 + 77 = 2*f. What is the remainder when f is divided by 58*((-13)/(-117))/((-2)/(-9))*1?
25
Suppose 0 = -25*l + 1679 + 1321. What is the remainder when l is divided by 38?
6
Let c(d) = 5*d + 241. Calculate the remainder when c(27) is divided by 29.
28
Let y(d) = d**3 + 18*d**2 - 17*d + 13. Let w be y(-19). Let f = w + 21. Calculate the remainder when 33 is divided by 68/2*(-2)/f.
16
Let m = 12 - 7. Suppose -2*v + v + m = 0. Calculate the remainder when 9/(-2)*8*6/(-27) is divided by v.
3
Let k = -71 + 71. Suppose k = a - 12*a + 143. Calculate the remainder when a is divided by 9.
4
Suppose -31*w + 33*w = 4. Suppose 2 = -2*h, -w*a - a + h + 28 = 0. What is the remainder when 43 is divided by a?
7
Suppose -5*d = 3*o - o - 25, 4*o + 5 = d. Suppose -d*q + 1 = 11, -4*q = -n + 29. Calculate the remainder when n is divided by 11.
10
Suppose 4*f - 245 - 103 = 0. Suppose 84*n + 3*w - 227 = 79*n, n + 4*w - 42 = 0. Calculate the remainder when f is divided by n.
41
Suppose -24*y - 49 + 265 = 0. Let q(h) = -h**3 + 8*h**2 - 6*h - 4. Calculate the remainder when q(5) is divided by y.
5
Suppose 42 = 2*n + n. Calculate the remainder when 124 is divided by n.
12
What is the remainder when 229 is divided by (70/5)/((-13)/(-65))?
19
Let f(b) = b**3 + 15*b**2 + 13*b - 10. Let k be f(-14). Calculate the remainder when (k - 8) + 23 - -3 is divided by 9.
4
Let n(m) = 2*m**2 + 18*m - 25. Calculate the remainder when n(-11) is divided by 6.
1
Suppose z = 3*r - 10 - 0, 24 = 4*r - 4*z. Suppose 0 = r*t - t + 3*u + 26, -3*t - 88 = -u. Let o = t - -48. What is the remainder when o is divided by 7?
5
Let b = 165 + -118. What is the remainder when b is divided by 25?
22
Let c(o) = 2*o**2 - 19*o + 66. What is the remainder when 116 is divided by c(6)?
20
Suppose -8 - 32 = -5*y. Suppose -4*p - 5*u + 38 = 8, -u + 38 = 4*p. Calculate the remainder when p is divided by y.
2
Let q = -1747 - -1762. What is the remainder when 464 is divided by q?
14
Let t(x) = 19*x + 44. Let z(b) = -13*b - 29. Let k(m) = -5*t(m) - 7*z(m). What is the remainder when 59 is divided by k(-12)?
28
Let o(w) = w**3 - 5*w**2 - 10*w + 6. Suppose 5*p = 38 - 3. Calculate the remainder when o(7) is divided by p.
6
Suppose 0 = 4*z - z + w - 158, 2*z - w - 97 = 0. What is the remainder when 221 is divided by z?
17
Suppose 4*g = -3*h + 456, -h + 13*g + 152 = 8*g. Calculate the remainder when h is divided by 17.
16
Let i(t) = -t**3 - 2*t**2 - 3*t - 3. Let d = 978 + -968. What is the remainder when d is divided by i(-2)?
1
Suppose -14 = -3*m - 5. Let l = m - -5. Calculate the remainder when ((-30)/(-4))/((-2)/(-4)) is divided by l.
7
Suppose 2*k = r + 7*k - 8, 3*k = 4*r - 9. What is the remainder when (-9)/21 + 165/(-42)*-8 is divided by r?
1
Suppose -4*m - 12 = -44. Suppose r + m = -33. Let f = -21 - r. Calculate the remainder when f is divided by 7.
6
Suppose -7*j + 8*j - 12 = 0. Let d = 39 - j. Let p = -14 + d. What is the remainder when 25 is divided by p?
12
Let p(c) = 63*c - 8. Let o be p(-2). What is the remainder when (3/(6/o))/(-2 + 1) is divided by 23?
21
Let d(x) = -8*x - 1. Let y(a) = -a - 22. Let w be y(-23). Calculate the remainder when (2 - w) + 58 + -1 is divided by d(-2).
13
Let o(f) = 29*f**2 - 4*f - 63. Calculate the remainder when o(8) is divided by 42.
39
Suppose 4*o = -0*t - 4*t + 104, 4 = 4*o. Calculate the remainder when 521 is divided by t.
21
Let z(w) = -33*w**3 + 2*w**2 - 1. Suppose -5*l = 3*b - 26, l - 219 = -b - 209. Calculate the remainder when z(-1) is divided by b.
10
Suppose 3*r = r + 62. Calculate the remainder when (6 - (-646)/(-51))/(2/(-18)) is divided by r.
29
Suppose m = 5*t - 307, 4*t + 25 - 279 = 5*m. Let l = 105 - t. Calculate the remainder when 129 is divided by l.
41
Suppose r = -3, 5*r + 7 + 21 = q. What is the remainder when 33 is divided by q?
7
Let i 